{"id":134,"date":"2023-07-03T09:53:41","date_gmt":"2023-07-03T07:53:41","guid":{"rendered":"http:\/\/xn--mesclsdevivance-fnb.fr\/?page_id=134"},"modified":"2024-06-11T14:29:14","modified_gmt":"2024-06-11T12:29:14","slug":"sophrologie-rouen","status":"publish","type":"page","link":"https:\/\/xn--mesclsdevivance-fnb.fr\/","title":{"rendered":"Bienvenue"},"content":{"rendered":"\n<div class=\"wp-block-cover alignfull is-light\" style=\"min-height:499px;aspect-ratio:unset;\"><span aria-hidden=\"true\" class=\"wp-block-cover__background has-background-dim-30 has-background-dim\"><\/span><img loading=\"lazy\" decoding=\"async\" width=\"2000\" height=\"1334\" class=\"wp-block-cover__image-background wp-image-208\" alt=\"Les nuages\" src=\"https:\/\/xn--mesclsdevivance-fnb.fr\/wp-content\/uploads\/2023\/10\/paysage-nuage.jpg\" style=\"object-position:31% 37%\" data-object-fit=\"cover\" data-object-position=\"31% 37%\" srcset=\"https:\/\/xn--mesclsdevivance-fnb.fr\/wp-content\/uploads\/2023\/10\/paysage-nuage.jpg 2000w, https:\/\/xn--mesclsdevivance-fnb.fr\/wp-content\/uploads\/2023\/10\/paysage-nuage-300x200.jpg 300w, https:\/\/xn--mesclsdevivance-fnb.fr\/wp-content\/uploads\/2023\/10\/paysage-nuage-1024x683.jpg 1024w, https:\/\/xn--mesclsdevivance-fnb.fr\/wp-content\/uploads\/2023\/10\/paysage-nuage-768x512.jpg 768w, https:\/\/xn--mesclsdevivance-fnb.fr\/wp-content\/uploads\/2023\/10\/paysage-nuage-1536x1025.jpg 1536w\" sizes=\"auto, (max-width: 2000px) 100vw, 2000px\" \/><div class=\"wp-block-cover__inner-container is-layout-flow wp-block-cover-is-layout-flow\">\n<h2 class=\"wp-block-heading alignwide has-background-color has-text-color\" style=\"margin-top:var(--wp--preset--spacing--30);margin-bottom:var(--wp--preset--spacing--30);font-size:64px\">Mes cl\u00e9s de vivance<\/h2>\n\n\n\n<div class=\"wp-block-columns alignwide is-layout-flex wp-container-core-columns-is-layout-28f84493 wp-block-columns-is-layout-flex\">\n<div class=\"wp-block-column is-layout-flow wp-block-column-is-layout-flow\" style=\"flex-basis:55%\">\n<div style=\"height:203px\" aria-hidden=\"true\" class=\"wp-block-spacer\"><\/div>\n\n\n\n<p class=\"has-ast-global-color-5-color has-text-color\" style=\"font-size:12px;line-height:1.3\"><em>Et je serai face  \u00e0 la mer qui viendra baigner les galets. Caresses d&rsquo;eau, de vent et d&rsquo;air. Et de lumi\u00e8re. D&rsquo;immensit\u00e9. Et en moi ce sera le d\u00e9sert. N&rsquo;y entrera que ciel l\u00e9ger. Et je serai face \u00e0 la mer qui viendra battre les rochers. Giflant. Cinglant. Usant la pierre. Frappant. S&rsquo;infiltrant. d\u00e9cha\u00een\u00e9e. Et en moi sera le d\u00e9sert. N&rsquo;y entrera ciel tourment\u00e9.  &#8211; Esther Granek<\/em><\/p>\n<\/div>\n\n\n\n<div class=\"wp-block-column is-layout-flow wp-block-column-is-layout-flow\">\n<div class=\"wp-block-buttons is-layout-flex wp-block-buttons-is-layout-flex\" style=\"margin-top:62px;margin-bottom:62px\">\n<div class=\"wp-block-button\"><a class=\"wp-block-button__link wp-element-button\" href=\"https:\/\/xn--mesclsdevivance-fnb.fr\/index.php\/contact\/\">Contactez-moi<\/a><\/div>\n<\/div>\n<\/div>\n<\/div>\n<\/div><\/div>\n\n\n\n<figure class=\"wp-block-image aligncenter size-large is-resized\"><img loading=\"lazy\" decoding=\"async\" width=\"1024\" height=\"1024\" src=\"https:\/\/xn--mesclsdevivance-fnb.fr\/wp-content\/uploads\/2023\/10\/23-logo-clesdevivance-1-1024x1024.png\" alt=\"\" class=\"wp-image-294\" style=\"aspect-ratio:1;width:230px;height:auto\" srcset=\"https:\/\/xn--mesclsdevivance-fnb.fr\/wp-content\/uploads\/2023\/10\/23-logo-clesdevivance-1-1024x1024.png 1024w, https:\/\/xn--mesclsdevivance-fnb.fr\/wp-content\/uploads\/2023\/10\/23-logo-clesdevivance-1-300x300.png 300w, https:\/\/xn--mesclsdevivance-fnb.fr\/wp-content\/uploads\/2023\/10\/23-logo-clesdevivance-1-150x150.png 150w, https:\/\/xn--mesclsdevivance-fnb.fr\/wp-content\/uploads\/2023\/10\/23-logo-clesdevivance-1-768x768.png 768w, https:\/\/xn--mesclsdevivance-fnb.fr\/wp-content\/uploads\/2023\/10\/23-logo-clesdevivance-1.png 1080w\" sizes=\"auto, (max-width: 1024px) 100vw, 1024px\" \/><\/figure>\n\n\n\n<div class=\"wp-block-columns alignwide is-layout-flex wp-container-core-columns-is-layout-d2da2050 wp-block-columns-is-layout-flex\" style=\"margin-bottom:0\">\n<div class=\"wp-block-column has-ast-global-color-5-color has-ast-global-color-8-background-color has-text-color has-background has-link-color wp-elements-b1d972ee2d03dc533991ac283af1c556 is-layout-flow wp-block-column-is-layout-flow\" style=\"padding-top:2em;padding-right:0.5em;padding-bottom:2em;padding-left:0.5em\">\n<h3 class=\"wp-block-heading\" id=\"single\" style=\"font-size:20px\"><strong>Accompagnements<\/strong><\/h3>\n\n\n\n<p class=\"has-normal-font-size\" style=\"line-height:1.5\"><strong>Bienveillance, empathie et non jugement<\/strong><\/p>\n\n\n\n<hr class=\"wp-block-separator has-text-color has-css-opacity has-background is-style-wide\" style=\"background-color:#000000;color:#000000\"\/>\n\n\n\n<ul class=\"has-normal-font-size wp-block-list\">\n<li>Adultes, adolescents, \u00e9tudiants, s\u00e9niors<\/li>\n\n\n\n<li>sur rendez vous<\/li>\n<\/ul>\n\n\n\n<div class=\"wp-block-buttons alignfull is-horizontal is-content-justification-center is-layout-flex wp-container-core-buttons-is-layout-03627597 wp-block-buttons-is-layout-flex\">\n<div class=\"wp-block-button has-custom-width wp-block-button__width-100\"><a class=\"wp-block-button__link has-white-color has-ast-global-color-1-background-color has-text-color has-background wp-element-button\" href=\"http:\/\/mescl\u00e9sdevivance.fr\/index.php\/publics-accompagnes\/\">Plus d&rsquo;informations<\/a><\/div>\n<\/div>\n<\/div>\n\n\n\n<div class=\"wp-block-column has-ast-global-color-3-background-color has-background has-link-color wp-elements-a8ce975ce1c4170cc17c0c4547a6864d is-layout-flow wp-block-column-is-layout-flow\" style=\"padding-top:2em;padding-right:0.5em;padding-bottom:2em;padding-left:0.5em\">\n<h2 class=\"wp-block-heading has-ast-global-color-5-color has-text-color\" id=\"family\" style=\"font-size:20px\"><strong>D\u00e9roulement d&rsquo;une s\u00e9ance<\/strong><\/h2>\n\n\n\n<p class=\"has-normal-font-size\" style=\"line-height:1.5\"><strong><mark style=\"background-color:rgba(0, 0, 0, 0)\" class=\"has-inline-color has-ast-global-color-4-color\">Une s\u00e9ance de sophrologie peut se pratiquer en groupe ou en individuel, ainsi qu&rsquo;en position assise ou debout<\/mark><\/strong><\/p>\n\n\n\n<hr class=\"wp-block-separator has-text-color has-ast-global-color-5-color has-alpha-channel-opacity has-ast-global-color-5-background-color has-background is-style-wide\"\/>\n\n\n\n<ul class=\"has-ast-global-color-5-color has-text-color has-link-color has-normal-font-size wp-block-list wp-elements-e183b0bc6eb7a44d0dbca664de561961\">\n<li style=\"font-style:normal;font-weight:400\"><mark style=\"background-color:rgba(0, 0, 0, 0)\" class=\"has-inline-color has-ast-global-color-5-color\">Exercices de relaxation<\/mark><\/li>\n\n\n\n<li><mark style=\"background-color:rgba(0, 0, 0, 0)\" class=\"has-inline-color has-ast-global-color-5-color\">Respiration contr\u00f4l\u00e9e<\/mark><\/li>\n\n\n\n<li><mark style=\"background-color:rgba(0, 0, 0, 0)\" class=\"has-inline-color has-ast-global-color-4-color\">Temps d&rsquo;\u00e9changes<\/mark><\/li>\n<\/ul>\n\n\n\n<div class=\"wp-block-buttons alignfull is-horizontal is-content-justification-center is-layout-flex wp-container-core-buttons-is-layout-03627597 wp-block-buttons-is-layout-flex\">\n<div class=\"wp-block-button has-custom-width wp-block-button__width-100 is-style-fill\"><a class=\"wp-block-button__link has-white-color has-ast-global-color-1-background-color has-text-color has-background wp-element-button\" href=\"https:\/\/xn--mesclsdevivance-fnb.fr\/index.php\/55-2\/\">Plus d&rsquo;informations<\/a><\/div>\n<\/div>\n<\/div>\n\n\n\n<div class=\"wp-block-column has-ast-global-color-5-color has-ast-global-color-7-background-color has-text-color has-background has-link-color wp-elements-d68af6adc9696ca27becf5089ae4a8a8 is-content-justification-center is-layout-constrained wp-container-core-column-is-layout-08f02321 wp-block-column-is-layout-constrained\" style=\"padding-top:2em;padding-right:0.5em;padding-bottom:2em;padding-left:0.5em\">\n<h2 class=\"wp-block-heading\" id=\"patron\" style=\"font-size:20px\"><strong>Tarifs<\/strong><\/h2>\n\n\n\n<p class=\"has-normal-font-size\" style=\"margin-top:0;margin-bottom:0\"><strong>Remboursement possible par votre mutuelle<\/strong><\/p>\n\n\n\n<hr class=\"wp-block-separator has-css-opacity is-style-wide\"\/>\n\n\n\n<ul class=\"has-normal-font-size wp-block-list\">\n<li>En fonction de votre situation<\/li>\n\n\n\n<li>Entreprise sur devis<\/li>\n\n\n\n<li>S\u00e9ances en distanciel possible<\/li>\n<\/ul>\n\n\n\n<div class=\"wp-block-buttons alignfull is-horizontal is-content-justification-center is-layout-flex wp-container-core-buttons-is-layout-03627597 wp-block-buttons-is-layout-flex\">\n<div class=\"wp-block-button has-custom-width wp-block-button__width-100\"><a class=\"wp-block-button__link has-white-color has-ast-global-color-1-background-color has-text-color has-background wp-element-button\" href=\"http:\/\/mescl\u00e9sdevivance.fr\/index.php\/tarifs\/\">Plus d&rsquo;informations<\/a><\/div>\n<\/div>\n<\/div>\n<\/div>\n\n\n\n<div class=\"wp-block-media-text alignfull has-media-on-the-right is-stacked-on-mobile is-vertically-aligned-top has-ast-global-color-5-color has-primary-background-color has-text-color has-background has-link-color wp-elements-f00cf6ffc9d07e464657ab97d01f73a5\" style=\"grid-template-columns:auto 46%\"><div class=\"wp-block-media-text__content\">\n<div class=\"wp-block-group has-link-color wp-elements-c3831f0a2ecff6375e81c79d2c7d271b is-layout-constrained wp-container-core-group-is-layout-e0d25d7f wp-block-group-is-layout-constrained\" style=\"padding-top:2em;padding-right:2em;padding-bottom:2em;padding-left:2em\">\n<h2 class=\"wp-block-heading has-ast-global-color-5-color has-text-color has-link-color wp-elements-b3309e4fda75f12db6d3cb250f53c90c\" style=\"font-size:39px;font-weight:700;line-height:1.15\"><mark style=\"background-color:rgba(0, 0, 0, 0)\" class=\"has-inline-color has-tertiary-color\">Histoire de la sophrologie<\/mark><\/h2>\n<\/div>\n\n\n\n<div class=\"wp-block-buttons is-layout-flex wp-block-buttons-is-layout-flex\">\n<div class=\"wp-block-button\"><a class=\"wp-block-button__link wp-element-button\" href=\"http:\/\/mescl\u00e9sdevivance.fr\/index.php\/55-2\/lhistoire-de-la-sophrologie\/\">plus d&rsquo;infos<\/a><\/div>\n<\/div>\n<\/div><figure class=\"wp-block-media-text__media\"><img loading=\"lazy\" decoding=\"async\" width=\"1024\" height=\"682\" src=\"https:\/\/xn--mesclsdevivance-fnb.fr\/wp-content\/uploads\/2023\/10\/zen-pierre-1024x682.jpg\" alt=\"Voir\" class=\"wp-image-209 size-full\" srcset=\"https:\/\/xn--mesclsdevivance-fnb.fr\/wp-content\/uploads\/2023\/10\/zen-pierre-1024x682.jpg 1024w, https:\/\/xn--mesclsdevivance-fnb.fr\/wp-content\/uploads\/2023\/10\/zen-pierre-300x200.jpg 300w, https:\/\/xn--mesclsdevivance-fnb.fr\/wp-content\/uploads\/2023\/10\/zen-pierre-768x512.jpg 768w, https:\/\/xn--mesclsdevivance-fnb.fr\/wp-content\/uploads\/2023\/10\/zen-pierre-1536x1024.jpg 1536w, https:\/\/xn--mesclsdevivance-fnb.fr\/wp-content\/uploads\/2023\/10\/zen-pierre.jpg 2000w\" sizes=\"auto, (max-width: 1024px) 100vw, 1024px\" \/><\/figure><\/div>\n\n\n\n<div class=\"wp-block-group alignfull has-contrast-color has-text-color is-vertical is-content-justification-center is-layout-flex wp-container-core-group-is-layout-6f87653e wp-block-group-is-layout-flex\" style=\"min-height:17vh;margin-top:0;margin-bottom:0;padding-top:var(--wp--preset--spacing--40);padding-right:var(--wp--preset--spacing--40);padding-bottom:var(--wp--preset--spacing--40);padding-left:var(--wp--preset--spacing--40)\">\n<p class=\"has-text-align-center has-medium-font-size\">Nathalie Poulain <\/p>\n\n\n\n<ul class=\"wp-block-social-links has-normal-icon-size is-style-logos-only is-nowrap is-layout-flex wp-container-core-social-links-is-layout-65900438 wp-block-social-links-is-layout-flex\"><\/ul>\n<\/div>\n\n\n\n<div class=\"wp-block-columns alignwide are-vertically-aligned-center is-layout-flex wp-container-core-columns-is-layout-28f84493 wp-block-columns-is-layout-flex\">\n<div class=\"wp-block-column is-vertically-aligned-center is-layout-flow wp-block-column-is-layout-flow\">\n<p style=\"line-height:2\"><strong>Localisation&nbsp;:<\/strong><br><\/p>\n\n\n\n<iframe src=\"https:\/\/www.google.com\/maps\/embed?pb=!1m14!1m8!1m3!1d41510.85768978688!2d1.0912719644042976!3d49.43861573465129!3m2!1i1024!2i768!4f13.1!3m3!1m2!1s0x47e0dea38e6d80bf%3A0x1a5b16e86688835b!2s55%20Rue%20de%20Repainville%2C%2076000%20Rouen!5e0!3m2!1sfr!2sfr!4v1686840524578!5m2!1sfr!2sfr\" width=\"600\" height=\"450\" style=\"border:0;\" allowfullscreen=\"\" loading=\"lazy\" referrerpolicy=\"no-referrer-when-downgrade\"><\/iframe>\n<\/div>\n\n\n\n<div class=\"wp-block-column is-layout-flow wp-block-column-is-layout-flow\"><\/div>\n\n\n\n<div class=\"wp-block-column is-vertically-aligned-center is-layout-flow wp-block-column-is-layout-flow\">\n<p>Contactez moi<\/p>\n\n\n\n<p>Par mail <em>: <a href=\"mailto:nathalie72-poulain@outlook.fr\">nathalie72-poulain@outlook.fr<\/a><\/em><\/p>\n\n\n\n<p>Par t\u00e9l\u00e9phone : 06.21.47.45.49<\/p>\n<\/div>\n<\/div>\n\n\n\n<div style=\"height:2px\" aria-hidden=\"true\" class=\"wp-block-spacer\"><\/div>\n","protected":false},"excerpt":{"rendered":"<p>Accompagnements Bienveillance, empathie et non jugement D\u00e9roulement d&rsquo;une s\u00e9ance Une s\u00e9ance de sophrologie peut se pratiquer en groupe ou en individuel, ainsi qu&rsquo;en position assise ou debout Tarifs Remboursement possible par votre mutuelle Nathalie Poulain Localisation&nbsp;: Contactez moi Par mail : nathalie72-poulain@outlook.fr Par t\u00e9l\u00e9phone : 06.21.47.45.49<\/p>\n","protected":false},"author":1,"featured_media":208,"parent":0,"menu_order":0,"comment_status":"closed","ping_status":"closed","template":"","meta":{"footnotes":""},"class_list":["post-134","page","type-page","status-publish","has-post-thumbnail","hentry"],"yoast_head":"<!-- This site is optimized with the Yoast SEO plugin v27.4 - https:\/\/yoast.com\/product\/yoast-seo-wordpress\/ -->\n<title>SOPHROLOGUE ROUEN rive droite gestion du stress-phobie<\/title>\n<meta name=\"description\" content=\"Professionnelle de la relation d&#039;aide. J&#039;utilise la sophrologie comme m\u00e9thode d&#039;accompagnement vers un mieux \u00eatre\" \/>\n<meta name=\"robots\" content=\"index, follow, max-snippet:-1, max-image-preview:large, max-video-preview:-1\" \/>\n<link rel=\"canonical\" href=\"https:\/\/xn--mesclsdevivance-fnb.fr\/\" \/>\n<meta property=\"og:locale\" content=\"fr_FR\" \/>\n<meta property=\"og:type\" content=\"article\" \/>\n<meta property=\"og:title\" content=\"SOPHROLOGUE ROUEN rive droite gestion du stress-phobie\" \/>\n<meta property=\"og:description\" content=\"Professionnelle de la relation d&#039;aide. J&#039;utilise la sophrologie comme m\u00e9thode d&#039;accompagnement vers un mieux \u00eatre\" \/>\n<meta property=\"og:url\" content=\"https:\/\/xn--mesclsdevivance-fnb.fr\/\" \/>\n<meta property=\"og:site_name\" content=\"Nathalie Poulain, sophrologue\" \/>\n<meta property=\"article:modified_time\" content=\"2024-06-11T12:29:14+00:00\" \/>\n<meta property=\"og:image\" content=\"https:\/\/xn--mesclsdevivance-fnb.fr\/wp-content\/uploads\/2023\/10\/paysage-nuage.jpg\" \/>\n\t<meta property=\"og:image:width\" content=\"2000\" \/>\n\t<meta property=\"og:image:height\" content=\"1334\" \/>\n\t<meta property=\"og:image:type\" content=\"image\/jpeg\" \/>\n<meta name=\"twitter:card\" content=\"summary_large_image\" \/>\n<meta name=\"twitter:label1\" content=\"Dur\u00e9e de lecture estim\u00e9e\" \/>\n\t<meta name=\"twitter:data1\" content=\"2 minutes\" \/>\n<script type=\"application\/ld+json\" class=\"yoast-schema-graph\">{\"@context\":\"https:\\\/\\\/schema.org\",\"@graph\":[{\"@type\":\"WebPage\",\"@id\":\"https:\\\/\\\/xn--mesclsdevivance-fnb.fr\\\/\",\"url\":\"https:\\\/\\\/xn--mesclsdevivance-fnb.fr\\\/\",\"name\":\"SOPHROLOGUE ROUEN rive droite gestion du stress-phobie\",\"isPartOf\":{\"@id\":\"https:\\\/\\\/xn--mesclsdevivance-fnb.fr\\\/#website\"},\"primaryImageOfPage\":{\"@id\":\"https:\\\/\\\/xn--mesclsdevivance-fnb.fr\\\/#primaryimage\"},\"image\":{\"@id\":\"https:\\\/\\\/xn--mesclsdevivance-fnb.fr\\\/#primaryimage\"},\"thumbnailUrl\":\"https:\\\/\\\/xn--mesclsdevivance-fnb.fr\\\/wp-content\\\/uploads\\\/2023\\\/10\\\/paysage-nuage.jpg\",\"datePublished\":\"2023-07-03T07:53:41+00:00\",\"dateModified\":\"2024-06-11T12:29:14+00:00\",\"description\":\"Professionnelle de la relation d'aide. J'utilise la sophrologie comme m\u00e9thode d'accompagnement vers un mieux \u00eatre\",\"breadcrumb\":{\"@id\":\"https:\\\/\\\/xn--mesclsdevivance-fnb.fr\\\/#breadcrumb\"},\"inLanguage\":\"fr-FR\",\"potentialAction\":[{\"@type\":\"ReadAction\",\"target\":[\"https:\\\/\\\/xn--mesclsdevivance-fnb.fr\\\/\"]}]},{\"@type\":\"ImageObject\",\"inLanguage\":\"fr-FR\",\"@id\":\"https:\\\/\\\/xn--mesclsdevivance-fnb.fr\\\/#primaryimage\",\"url\":\"https:\\\/\\\/xn--mesclsdevivance-fnb.fr\\\/wp-content\\\/uploads\\\/2023\\\/10\\\/paysage-nuage.jpg\",\"contentUrl\":\"https:\\\/\\\/xn--mesclsdevivance-fnb.fr\\\/wp-content\\\/uploads\\\/2023\\\/10\\\/paysage-nuage.jpg\",\"width\":2000,\"height\":1334},{\"@type\":\"BreadcrumbList\",\"@id\":\"https:\\\/\\\/xn--mesclsdevivance-fnb.fr\\\/#breadcrumb\",\"itemListElement\":[{\"@type\":\"ListItem\",\"position\":1,\"name\":\"Accueil\",\"item\":\"https:\\\/\\\/xn--mesclsdevivance-fnb.fr\\\/\"},{\"@type\":\"ListItem\",\"position\":2,\"name\":\"Bienvenue\"}]},{\"@type\":\"WebSite\",\"@id\":\"https:\\\/\\\/xn--mesclsdevivance-fnb.fr\\\/#website\",\"url\":\"https:\\\/\\\/xn--mesclsdevivance-fnb.fr\\\/\",\"name\":\"Nathalie Poulain, sophrologue\",\"description\":\"Mes Cl\u00e9s de vivance\",\"publisher\":{\"@id\":\"https:\\\/\\\/xn--mesclsdevivance-fnb.fr\\\/#organization\"},\"potentialAction\":[{\"@type\":\"SearchAction\",\"target\":{\"@type\":\"EntryPoint\",\"urlTemplate\":\"https:\\\/\\\/xn--mesclsdevivance-fnb.fr\\\/?s={search_term_string}\"},\"query-input\":{\"@type\":\"PropertyValueSpecification\",\"valueRequired\":true,\"valueName\":\"search_term_string\"}}],\"inLanguage\":\"fr-FR\"},{\"@type\":\"Organization\",\"@id\":\"https:\\\/\\\/xn--mesclsdevivance-fnb.fr\\\/#organization\",\"name\":\"Nathalie Poulain, sophrologue\",\"url\":\"https:\\\/\\\/xn--mesclsdevivance-fnb.fr\\\/\",\"logo\":{\"@type\":\"ImageObject\",\"inLanguage\":\"fr-FR\",\"@id\":\"https:\\\/\\\/xn--mesclsdevivance-fnb.fr\\\/#\\\/schema\\\/logo\\\/image\\\/\",\"url\":\"https:\\\/\\\/xn--mesclsdevivance-fnb.fr\\\/wp-content\\\/uploads\\\/2023\\\/10\\\/23-logo-clesdevivance.png\",\"contentUrl\":\"https:\\\/\\\/xn--mesclsdevivance-fnb.fr\\\/wp-content\\\/uploads\\\/2023\\\/10\\\/23-logo-clesdevivance.png\",\"width\":1080,\"height\":1080,\"caption\":\"Nathalie Poulain, sophrologue\"},\"image\":{\"@id\":\"https:\\\/\\\/xn--mesclsdevivance-fnb.fr\\\/#\\\/schema\\\/logo\\\/image\\\/\"}}]}<\/script>\n<!-- \/ Yoast SEO plugin. -->","yoast_head_json":{"title":"SOPHROLOGUE ROUEN rive droite gestion du stress-phobie","description":"Professionnelle de la relation d'aide. J'utilise la sophrologie comme m\u00e9thode d'accompagnement vers un mieux \u00eatre","robots":{"index":"index","follow":"follow","max-snippet":"max-snippet:-1","max-image-preview":"max-image-preview:large","max-video-preview":"max-video-preview:-1"},"canonical":"https:\/\/xn--mesclsdevivance-fnb.fr\/","og_locale":"fr_FR","og_type":"article","og_title":"SOPHROLOGUE ROUEN rive droite gestion du stress-phobie","og_description":"Professionnelle de la relation d'aide. J'utilise la sophrologie comme m\u00e9thode d'accompagnement vers un mieux \u00eatre","og_url":"https:\/\/xn--mesclsdevivance-fnb.fr\/","og_site_name":"Nathalie Poulain, sophrologue","article_modified_time":"2024-06-11T12:29:14+00:00","og_image":[{"width":2000,"height":1334,"url":"https:\/\/xn--mesclsdevivance-fnb.fr\/wp-content\/uploads\/2023\/10\/paysage-nuage.jpg","type":"image\/jpeg"}],"twitter_card":"summary_large_image","twitter_misc":{"Dur\u00e9e de lecture estim\u00e9e":"2 minutes"},"schema":{"@context":"https:\/\/schema.org","@graph":[{"@type":"WebPage","@id":"https:\/\/xn--mesclsdevivance-fnb.fr\/","url":"https:\/\/xn--mesclsdevivance-fnb.fr\/","name":"SOPHROLOGUE ROUEN rive droite gestion du stress-phobie","isPartOf":{"@id":"https:\/\/xn--mesclsdevivance-fnb.fr\/#website"},"primaryImageOfPage":{"@id":"https:\/\/xn--mesclsdevivance-fnb.fr\/#primaryimage"},"image":{"@id":"https:\/\/xn--mesclsdevivance-fnb.fr\/#primaryimage"},"thumbnailUrl":"https:\/\/xn--mesclsdevivance-fnb.fr\/wp-content\/uploads\/2023\/10\/paysage-nuage.jpg","datePublished":"2023-07-03T07:53:41+00:00","dateModified":"2024-06-11T12:29:14+00:00","description":"Professionnelle de la relation d'aide. J'utilise la sophrologie comme m\u00e9thode d'accompagnement vers un mieux \u00eatre","breadcrumb":{"@id":"https:\/\/xn--mesclsdevivance-fnb.fr\/#breadcrumb"},"inLanguage":"fr-FR","potentialAction":[{"@type":"ReadAction","target":["https:\/\/xn--mesclsdevivance-fnb.fr\/"]}]},{"@type":"ImageObject","inLanguage":"fr-FR","@id":"https:\/\/xn--mesclsdevivance-fnb.fr\/#primaryimage","url":"https:\/\/xn--mesclsdevivance-fnb.fr\/wp-content\/uploads\/2023\/10\/paysage-nuage.jpg","contentUrl":"https:\/\/xn--mesclsdevivance-fnb.fr\/wp-content\/uploads\/2023\/10\/paysage-nuage.jpg","width":2000,"height":1334},{"@type":"BreadcrumbList","@id":"https:\/\/xn--mesclsdevivance-fnb.fr\/#breadcrumb","itemListElement":[{"@type":"ListItem","position":1,"name":"Accueil","item":"https:\/\/xn--mesclsdevivance-fnb.fr\/"},{"@type":"ListItem","position":2,"name":"Bienvenue"}]},{"@type":"WebSite","@id":"https:\/\/xn--mesclsdevivance-fnb.fr\/#website","url":"https:\/\/xn--mesclsdevivance-fnb.fr\/","name":"Nathalie Poulain, sophrologue","description":"Mes Cl\u00e9s de vivance","publisher":{"@id":"https:\/\/xn--mesclsdevivance-fnb.fr\/#organization"},"potentialAction":[{"@type":"SearchAction","target":{"@type":"EntryPoint","urlTemplate":"https:\/\/xn--mesclsdevivance-fnb.fr\/?s={search_term_string}"},"query-input":{"@type":"PropertyValueSpecification","valueRequired":true,"valueName":"search_term_string"}}],"inLanguage":"fr-FR"},{"@type":"Organization","@id":"https:\/\/xn--mesclsdevivance-fnb.fr\/#organization","name":"Nathalie Poulain, sophrologue","url":"https:\/\/xn--mesclsdevivance-fnb.fr\/","logo":{"@type":"ImageObject","inLanguage":"fr-FR","@id":"https:\/\/xn--mesclsdevivance-fnb.fr\/#\/schema\/logo\/image\/","url":"https:\/\/xn--mesclsdevivance-fnb.fr\/wp-content\/uploads\/2023\/10\/23-logo-clesdevivance.png","contentUrl":"https:\/\/xn--mesclsdevivance-fnb.fr\/wp-content\/uploads\/2023\/10\/23-logo-clesdevivance.png","width":1080,"height":1080,"caption":"Nathalie Poulain, sophrologue"},"image":{"@id":"https:\/\/xn--mesclsdevivance-fnb.fr\/#\/schema\/logo\/image\/"}}]}},"_links":{"self":[{"href":"https:\/\/xn--mesclsdevivance-fnb.fr\/index.php\/wp-json\/wp\/v2\/pages\/134","targetHints":{"allow":["GET"]}}],"collection":[{"href":"https:\/\/xn--mesclsdevivance-fnb.fr\/index.php\/wp-json\/wp\/v2\/pages"}],"about":[{"href":"https:\/\/xn--mesclsdevivance-fnb.fr\/index.php\/wp-json\/wp\/v2\/types\/page"}],"author":[{"embeddable":true,"href":"https:\/\/xn--mesclsdevivance-fnb.fr\/index.php\/wp-json\/wp\/v2\/users\/1"}],"replies":[{"embeddable":true,"href":"https:\/\/xn--mesclsdevivance-fnb.fr\/index.php\/wp-json\/wp\/v2\/comments?post=134"}],"version-history":[{"count":34,"href":"https:\/\/xn--mesclsdevivance-fnb.fr\/index.php\/wp-json\/wp\/v2\/pages\/134\/revisions"}],"predecessor-version":[{"id":307,"href":"https:\/\/xn--mesclsdevivance-fnb.fr\/index.php\/wp-json\/wp\/v2\/pages\/134\/revisions\/307"}],"wp:featuredmedia":[{"embeddable":true,"href":"https:\/\/xn--mesclsdevivance-fnb.fr\/index.php\/wp-json\/wp\/v2\/media\/208"}],"wp:attachment":[{"href":"https:\/\/xn--mesclsdevivance-fnb.fr\/index.php\/wp-json\/wp\/v2\/media?parent=134"}],"curies":[{"name":"wp","href":"https:\/\/api.w.org\/{rel}","templated":true}]}}